e (-1)/(-1)*2/2. Let i be h(q). What are the prime factors of 6*(-1 + i/9)?
2
Let j = 9 + 1. Suppose -j = -4*a - a. Suppose -10 = 2*z - a*k - 32, -2*k = 4*z - 26. What are the prime factors of z?
2
Suppose 4*c = -5*j - 124, -2*j - 65 + 16 = c. Suppose -10 = u - 5*n, 34 = 3*u + 2*n - n. What are the prime factors of 8/(-20) - j/u?
2
Let q(g) = g**2 + g + 4. Let j be q(0). Let w be 0 + 2 - (-88)/j. Suppose 4*h = 4 + w. List the prime factors of h.
7
Let y = -5 + 7. Suppose -4*x + 25 = 3*c, 0*c = -y*c + x + 2. Suppose -c*l = -l - 18. What are the prime factors of l?
3
Let t(v) = -25*v + 1. What are the prime factors of t(-2)?
3, 17
Suppose 3*t - 2*t - 10 = 0. Suppose 3*w + 11 = 2*r - 0*w, -2*r + 4*w = -16. What are the prime factors of ((-6)/15)/(r/t)?
2
Let a = 7 - 6. Let m = a - -1. What are the prime factors of m?
2
Suppose 4*t + v = 2*t + 87, 0 = -3*t - 4*v + 118. List the prime factors of t.
2, 23
Let t(a) = 5*a - 9. Suppose 3*o = 12 + 6. Let k be t(o). Let x = k + -14. List the prime factors of x.
7
Let m = 2 - 1. What are the prime factors of 8 - (2 - 3)*m?
3
Suppose 0 = 7*v - 2*v + 125. Let r = v - -48. What are the prime factors of r?
23
Let u = 15 + -72. Let i be 1/(u/27 - -2). Let q = -4 - i. What are the prime factors of q?
5
Let x(r) = r**2 - r + 27. What are the prime factors of x(11)?
137
Let v(z) be the second derivative of -1/20*z**5 - 5/12*z**4 + 2*z + 0 - 7/2*z**2 - 1/2*z**3. List the prime factors of v(-5).
2
Let n(r) = -r**3 - 6*r**2 + 6*r - 3. Let f be n(-7). Suppose -4*y + 91 = -f*p - 29, -3*p - 12 = 0. What are the prime factors of y?
2, 13
Let d = 30 + 21. What are the prime factors of d?
3, 17
Let r(y) = -y + 10. Let o be r(9). Let b be (-77)/(-5) + 2/(-5). Let f = b - o. List the prime factors of f.
2, 7
Let c(w) = 2*w**3 + 2*w**2 - w + 1. Let k be c(-2). Let a(i) = i + 27. Let g(r) = 13. Let s(m) = k*g(m) + 2*a(m). List the prime factors of s(9).
7
List the prime factors of (-12521)/(-38) - (-2)/4.
2, 3, 5, 11
Let j be 3/6 - 90/4. What are the prime factors of (5/(5/j))/(-2)?
11
Let n(t) = 2*t**2 + 54*t - 35. List the prime factors of n(-29).
3
Suppose -16 = -5*i - 6, 2*z - 4*i = 0. Let m be 0/(-3*z/(-6)). Suppose l - 3*x = 6, -1 + m = -2*l - 5*x. List the prime factors of l.
3
Let g be 7/2 + (-2)/4. Let q = -1 + 1. Suppose -g*h + h + 22 = q. List the prime factors of h.
11
Let l(n) = -6*n - 7. Let a be l(-5). Suppose -4*z + 4*f - 43 + 15 = 0, 0 = f + 4. Let p = a + z. What are the prime factors of p?
2, 3
Let j = -17 + 35. Suppose -k = 4*g + 37, 5*k + 3 = 5*g + j. List the prime factors of 2 - (-2)/(-2)*g.
2, 5
Let y(j) = -j**2 - 10*j - 12. Let k be y(-8). Let r(f) = f**2 + 4*f. Let u be r(-4). Suppose u = k*a - 4 - 4. List the prime factors of a.
2
Suppose 31*x + 190 = 33*x. List the prime factors of x.
5, 19
Let u(p) = -5*p + 7. Let s = -2 - 1. What are the prime factors of u(s)?
2, 11
Let j(a) = a + 13. Let w be j(-11). Let q = 7 - w. List the prime factors of q.
5
Suppose 0*a - 42 = 2*a - 4*b, 53 = -3*a + 4*b. Let h(l) = -l**2 - 14*l - 10. What are the prime factors of h(a)?
23
Let a = -35 + 18. Let r = a + 30. List the prime factors of r.
13
Let g be (-4)/22 + (-1908)/33. Let a = g - -91. What are the prime factors of a?
3, 11
Let a = -15 - -21. Suppose a*o - o = 35. List the prime factors of o.
7
List the prime factors of (110*(-2)/(-4))/(1/2).
2, 5, 11
Let d(z) = 18*z**2 - 2*z - 2. What are the prime factors of d(2)?
2, 3, 11
Let q be 2/4 + 5/(-2). Let m be q/5 - (-135)/25. Suppose 23 = m*h - 17. What are the prime factors of h?
2
Suppose -2*x + 7*x = 95. Let p(l) = -l - 3. Let q be p(-4). Suppose q - x = -2*b. What are the prime factors of b?
3
Let x = 253 + -547. What are the prime factors of ((-1)/2)/(7/x)?
3, 7
Let s = -5 + -1. Let z be ((-6)/(-15))/(s/(-15)). Suppose -3*i + 45 = 3*y, 55 = 4*y + 2*i + z. List the prime factors of y.
2, 3
Suppose 0 = 4*c - 1 - 99. What are the prime factors of c?
5
Let z(y) = y**3 + 6*y**2 + 4*y + 2. Let h = 4 - 9. What are the prime factors of z(h)?
7
Suppose -4*z - 6 = 10. Let l(j) = 0*j**2 + 6 - 2 + 6*j**2 + 7*j + j**3. What are the prime factors of l(z)?
2
Suppose 9*b - 7*b = 4. Suppose -11 = -b*d + 1. What are the prime factors of d?
2, 3
What are the prime factors of 1 + (-3)/((-6)/164)?
83
List the prime factors of ((-70)/21 + 3)/(2/(-174)).
29
Suppose -15 - 1 = -4*l. Suppose 5*r + 28 = -l*s, r = s - 4*s - 10. What are the prime factors of (2 + -10 + s)/(-1)?
2, 5
Suppose 2*m - 4*m + 160 = 0. List the prime factors of m.
2, 5
Suppose 6*a + 4*m = a - 13, 5*a - 1 = 3*m. Let q be 6/2*(-1)/a. List the prime factors of (-10)/(-1) + q + -1.
2, 3
Let w(k) = k**3 + 5*k**2 - 7*k + 8. Let f = -27 + 16. Let h be (-5)/10 - f/(-2). What are the prime factors of w(h)?
2, 7
Suppose 3*o - 282 = 762. List the prime factors of o.
2, 3, 29
Let f(m) = m**2 + 8*m + 2. Let g be f(-8). Let s be 2/((-24)/(-10) + -2). Suppose -s*k = -4*n + g, -3*k = -n + 2*k - 7. List the prime factors of n.
3
Suppose 3*o + 4 = m - 4, -5*o = 3*m + 32. List the prime factors of (9/(-6))/(o/48).
2, 3
Let o be 2*2/(-4) + 1. Suppose o = -0*c - 4*c - 12. Let j(i) = -i**2 - 7*i - 2. What are the prime factors of j(c)?
2, 5
Let y(n) = 2*n**2 + 8*n + 3. Suppose -3*r = -3*x + r + 1, -3*x + 3*r - 3 = 0. What are the prime factors of y(x)?
13
Let o = 151 - 39. What are the prime factors of o?
2, 7
Let i(v) be the first derivative of -v**3/3 + 5*v**2/2 + 9*v + 8. What are the prime factors of i(6)?
3
What are the prime factors of -2*(-524)/12*(-3)/(-2)?
131
Let q(u) = -u**2 - 3*u + 29. What are the prime factors of q(-5)?
19
Let v = 527 + -255. What are the prime factors of v?
2, 17
Suppose 385 = -22*t + 27*t. What are the prime factors of t?
7, 11
Suppose 0 = 5*b + 4 + 11. Let c = b - -3. List the prime factors of (c - 6)*12/(-8).
3
Suppose 0*v + 16 = -2*v. What are the prime factors of (v/5)/((-3)/15)?
2
Let z be (-4)/6*(-81)/6. Let t(y) = -y**2 + 10*y - 6. List the prime factors of t(z).
3
Let i(y) = -3*y - 6. Let x be i(-7). Suppose 7*z - 4*z = x. List the prime factors of z.
5
Let f = 21 - 15. List the prime factors of f.
2, 3
What are the prime factors of 263*(5/2 - 2)*2?
263
Let f(h) = -h**3 + 4*h**2 + 4*h + 5. Let l be f(5). Suppose 0 = 5*u - l*u. Let d = u - -4. List the prime factors of d.
2
Let s = -43 - -24. Let l be 1 - (-32 - (-2)/1). Let x = l + s. List the prime factors of x.
2, 3
Let f be (8/(-6))/((-8)/12). List the prime factors of (29/1 - 3)/f.
13
Let l(g) = g**3 + 17*g**2 + 7*g - 21. List the prime factors of l(-16).
3, 41
Let i = -7 - -19. Suppose -h - 14 = -4*c, -3*h + 5*c = -0*h + 28. Let u = h + i. What are the prime factors of u?
2, 3
Suppose 0*w + 4*w + 8 = 0. Let m(r) = -r**2 - 5*r - 1. Let f be m(w). Suppose 4 = -f*a + 39. What are the prime factors of a?
7
Let p = -21 - -25. Suppose 2*l + 18 = -p*x + 80, 0 = -2*l - 2. List the prime factors of x.
2
Suppose -3*q = -0*q - 9. Suppose 5*p = -q*b + 235, p - 145 = -2*p - b. List the prime factors of 6/(-9) + p/3.
2
Let m(q) = 9*q**2 + q - 2. List the prime factors of m(2).
2, 3
Let d = 5 - 3. Suppose -29 = -5*s + d*c, s + 4*c + 23 = 6*s. What are the prime factors of s?
7
List the prime factors of 39/(0 + (1/2 - -1)).
2, 13
Let c = -34 + 55. Let a = c + 23. List the prime factors of a/6*(-3)/(-2).
11
Let t(n) = 3*n + 15. Let u be t(-6). Let m(h) = 4*h**2 + 2*h - 3. What are the prime factors of m(u)?
3
Let t = 6 - -20. Let n be (t/(-4))/((-1)/2). Suppose -4 = j - n. What are the prime factors of j?
3
Let y = -37 + 84. List the prime factors of y.
47
Suppose 7*o + 213 - 1403 = 0. List the prime factors of o.
2, 5, 17
Suppose 19 + 1 = -4*s, 5*u - 2*s = -20. List the prime factors of (-9 - -3)*u/4.
3
Suppose 2*a - 67 = -5*d, 6*d - d + 11 = a. List the prime factors of a.
2, 13
Let d = 8 + -5. Suppose -1 = 2*i + u - 9, -i - d*u = 1. Suppose -k + 16 = k - 4*s, -i*k + 3*s + 26 = 0. List the prime factors of k.
2
Let x = 141 + -92. List the prime factors of x.
7
Let k be 1*1/((-2)/(-104)). Let y be (-9)/(-2) - 1/2. Suppose -k = -y*a - 0*a. What are the prime factors of a?
13
Let g(c) = -c**2 - 6*c - 3. Let p be g(-5). Let w be (24/2)/2*1. Let t = p + w. List the prime factors of t.
2
Let v = -18 - -38. List the prime factors of v.
2, 5
Let p(i) = 10